{"id":10,"date":"2021-06-03T21:04:51","date_gmt":"2021-06-03T21:04:51","guid":{"rendered":"http:\/\/ordemdospsicologos.org\/denuncia\/?page_id=10"},"modified":"2021-06-18T09:45:30","modified_gmt":"2021-06-18T09:45:30","slug":"formulario","status":"publish","type":"page","link":"https:\/\/ordemdospsicologos.org\/denuncia\/","title":{"rendered":"Formulario"},"content":{"rendered":"\t\t<div data-elementor-type=\"wp-page\" data-elementor-id=\"10\" class=\"elementor elementor-10\" data-elementor-settings=\"[]\">\n\t\t\t\t\t\t\t<div class=\"elementor-section-wrap\">\n\t\t\t\t\t\t\t<section class=\"elementor-section elementor-top-section elementor-element elementor-element-a56042a elementor-section-boxed elementor-section-height-default elementor-section-height-default\" data-id=\"a56042a\" data-element_type=\"section\">\n\t\t\t\t\t\t<div class=\"elementor-container elementor-column-gap-default\">\n\t\t\t\t\t<div class=\"elementor-column elementor-col-100 elementor-top-column elementor-element elementor-element-a458b17\" data-id=\"a458b17\" data-element_type=\"column\">\n\t\t\t<div class=\"elementor-widget-wrap elementor-element-populated\">\n\t\t\t\t\t\t\t\t<section class=\"elementor-section elementor-inner-section elementor-element elementor-element-6601561 elementor-section-boxed elementor-section-height-default elementor-section-height-default elementor-invisible\" data-id=\"6601561\" data-element_type=\"section\" data-settings=\"{&quot;animation&quot;:&quot;fadeIn&quot;}\">\n\t\t\t\t\t\t<div class=\"elementor-container elementor-column-gap-default\">\n\t\t\t\t\t<div class=\"elementor-column elementor-col-33 elementor-inner-column elementor-element elementor-element-0176b94\" data-id=\"0176b94\" data-element_type=\"column\">\n\t\t\t<div class=\"elementor-widget-wrap elementor-element-populated\">\n\t\t\t\t\t\t\t\t<div class=\"elementor-element elementor-element-c0c640b elementor-widget elementor-widget-image\" data-id=\"c0c640b\" data-element_type=\"widget\" data-widget_type=\"image.default\">\n\t\t\t\t<div class=\"elementor-widget-container\">\n\t\t\t\t\t\t\t\t\t\t\t\t\t\t\t<img loading=\"lazy\" decoding=\"async\" width=\"195\" height=\"300\" src=\"https:\/\/ordemdospsicologos.org\/denuncia\/wp-content\/uploads\/2021\/06\/Logo_OPP-195x300.png\" class=\"attachment-medium size-medium\" alt=\"\" srcset=\"https:\/\/ordemdospsicologos.org\/denuncia\/wp-content\/uploads\/2021\/06\/Logo_OPP-195x300.png 195w, https:\/\/ordemdospsicologos.org\/denuncia\/wp-content\/uploads\/2021\/06\/Logo_OPP.png 506w\" sizes=\"auto, (max-width: 195px) 100vw, 195px\" \/>\t\t\t\t\t\t\t\t\t\t\t\t\t\t\t<\/div>\n\t\t\t\t<\/div>\n\t\t\t\t\t<\/div>\n\t\t<\/div>\n\t\t\t\t<div class=\"elementor-column elementor-col-66 elementor-inner-column elementor-element elementor-element-a39a878\" data-id=\"a39a878\" data-element_type=\"column\">\n\t\t\t<div class=\"elementor-widget-wrap elementor-element-populated\">\n\t\t\t\t\t\t\t\t<div class=\"elementor-element elementor-element-50d9e29 elementor-widget elementor-widget-heading\" data-id=\"50d9e29\" data-element_type=\"widget\" data-widget_type=\"heading.default\">\n\t\t\t\t<div class=\"elementor-widget-container\">\n\t\t\t<h2 class=\"elementor-heading-title elementor-size-default\">Formul\u00e1rio para apresenta\u00e7\u00e3o de Participa\u00e7\u00e3o ao Conselho Jurisdicional da Ordem dos Psic\u00f3logos Portugueses<\/h2>\t\t<\/div>\n\t\t\t\t<\/div>\n\t\t\t\t\t<\/div>\n\t\t<\/div>\n\t\t\t\t\t\t\t<\/div>\n\t\t<\/section>\n\t\t\t\t\t<\/div>\n\t\t<\/div>\n\t\t\t\t\t\t\t<\/div>\n\t\t<\/section>\n\t\t\t\t<section class=\"elementor-section elementor-top-section elementor-element elementor-element-2fe1b544 elementor-section-boxed elementor-section-height-default elementor-section-height-default\" data-id=\"2fe1b544\" data-element_type=\"section\">\n\t\t\t\t\t\t<div class=\"elementor-container elementor-column-gap-narrow\">\n\t\t\t\t\t<div class=\"elementor-column elementor-col-100 elementor-top-column elementor-element elementor-element-2ded3bb0\" data-id=\"2ded3bb0\" data-element_type=\"column\">\n\t\t\t<div class=\"elementor-widget-wrap elementor-element-populated\">\n\t\t\t\t\t\t\t\t<div class=\"elementor-element elementor-element-15d51589 elementor-widget elementor-widget-text-editor\" data-id=\"15d51589\" data-element_type=\"widget\" data-widget_type=\"text-editor.default\">\n\t\t\t\t<div class=\"elementor-widget-container\">\n\t\t\t\t\t\t\t\t<!-- wp:paragraph -->\n<p>\u00a0<\/p>\n<!-- \/wp:paragraph --><!-- wp:columns {\"verticalAlignment\":\"center\",\"align\":\"wide\"} -->\n<div class=\"wp-block-columns alignwide are-vertically-aligned-center\"><!-- wp:column {\"verticalAlignment\":\"center\",\"width\":\"100%\"} -->\n<div class=\"wp-block-column is-vertically-aligned-center\" style=\"flex-basis: 100%;\"><!-- wp:contact-form-7\/contact-form-selector {\"id\":5,\"title\":\"Formul\u00e1rio de contacto 1\"} -->\n<div class=\"wp-block-contact-form-7-contact-form-selector\">\n<div class=\"wpcf7 no-js\" id=\"wpcf7-f5-o1\" lang=\"pt-PT\" dir=\"ltr\">\n<div class=\"screen-reader-response\"><p role=\"status\" aria-live=\"polite\" aria-atomic=\"true\"><\/p> <ul><\/ul><\/div>\n<form action=\"\/denuncia\/wp-json\/wp\/v2\/pages\/10#wpcf7-f5-o1\" method=\"post\" class=\"wpcf7-form init cf7skins cf7t-registration cf7s-blush\" aria-label=\"Formul\u00e1rio de contacto\" enctype=\"multipart\/form-data\" novalidate=\"novalidate\" data-status=\"init\">\n<div style=\"display: none;\">\n<input type=\"hidden\" name=\"_wpcf7\" value=\"5\" \/>\n<input type=\"hidden\" name=\"_wpcf7_version\" value=\"5.8\" \/>\n<input type=\"hidden\" name=\"_wpcf7_locale\" value=\"pt_PT\" \/>\n<input type=\"hidden\" name=\"_wpcf7_unit_tag\" value=\"wpcf7-f5-o1\" \/>\n<input type=\"hidden\" name=\"_wpcf7_container_post\" value=\"0\" \/>\n<input type=\"hidden\" name=\"_wpcf7_posted_data_hash\" value=\"\" \/>\n<input type=\"hidden\" name=\"_wpcf7cf_hidden_group_fields\" value=\"[]\" \/>\n<input type=\"hidden\" name=\"_wpcf7cf_hidden_groups\" value=\"[]\" \/>\n<input type=\"hidden\" name=\"_wpcf7cf_visible_groups\" value=\"[]\" \/>\n<input type=\"hidden\" name=\"_wpcf7cf_repeaters\" value=\"[]\" \/>\n<input type=\"hidden\" name=\"_wpcf7cf_steps\" value=\"{}\" \/>\n<input type=\"hidden\" name=\"_wpcf7cf_options\" value=\"{&quot;form_id&quot;:5,&quot;conditions&quot;:[{&quot;then_field&quot;:&quot;group-294&quot;,&quot;and_rules&quot;:[{&quot;if_field&quot;:&quot;nomecompleto&quot;,&quot;operator&quot;:&quot;not empty&quot;,&quot;if_value&quot;:&quot;&quot;}]}],&quot;settings&quot;:{&quot;animation&quot;:&quot;yes&quot;,&quot;animation_intime&quot;:200,&quot;animation_outtime&quot;:200,&quot;conditions_ui&quot;:&quot;normal&quot;,&quot;notice_dismissed&quot;:false}}\" \/>\n<\/div>\n<fieldset>\n\t<legend>Identifica\u00e7\u00e3o da\/o Denunciante<\/legend>\n\t<ol>\n\t\t<li><label for=''>Nome Completo <\/label><span class=\"wpcf7-form-control-wrap\" data-name=\"nomecompleto\"><input size=\"40\" class=\"wpcf7-form-control wpcf7-text\" aria-invalid=\"false\" value=\"\" type=\"text\" name=\"nomecompleto\" \/><\/span><\/li>\n                <div data-id=\"group-294\" data-orig_data_id=\"group-294\" data-clear_on_hide data-class=\"wpcf7cf_group\"><li><label for=''>N\u00famero de Identifica\u00e7\u00e3o <\/label><span class=\"wpcf7-form-control-wrap\" data-name=\"identificacao\"><input size=\"40\" class=\"wpcf7-form-control wpcf7-text\" aria-invalid=\"false\" value=\"\" type=\"text\" name=\"identificacao\" \/><\/span><\/li><\/div>\n\t\t<li><label for=''>Telem\u00f3vel <\/label><span class=\"wpcf7-form-control-wrap\" data-name=\"telemovel\"><input size=\"40\" class=\"wpcf7-form-control wpcf7-tel wpcf7-text wpcf7-validates-as-tel\" aria-invalid=\"false\" value=\"\" type=\"tel\" name=\"telemovel\" \/><\/span><\/li>\n\t\t<li><label for=''>Email <em class=\"cf7s-reqd\">*<\/em> <\/label><span class=\"wpcf7-form-control-wrap\" data-name=\"email\"><input size=\"40\" class=\"wpcf7-form-control wpcf7-email wpcf7-validates-as-required wpcf7-text wpcf7-validates-as-email\" aria-required=\"true\" aria-invalid=\"false\" value=\"\" type=\"email\" name=\"email\" \/><\/span><\/li>\n\t\t<li><label for=''>Morada <\/label><span class=\"wpcf7-form-control-wrap\" data-name=\"morada\"><input size=\"40\" class=\"wpcf7-form-control wpcf7-text\" aria-invalid=\"false\" value=\"\" type=\"text\" name=\"morada\" \/><\/span><\/li>\n\t\t<li><label for=''>C\u00f3digo Postal <\/label><span class=\"wpcf7-form-control-wrap\" data-name=\"codigopostal\"><input size=\"40\" class=\"wpcf7-form-control wpcf7-text\" aria-invalid=\"false\" value=\"\" type=\"text\" name=\"codigopostal\" \/><\/span><\/li>\n\t<\/ol>\n\t<p>\n\t\t* Required\n\t<\/p>\n<\/fieldset>\n<fieldset>\n\t<legend>Identifica\u00e7\u00e3o do\/a Visado\/a<\/legend>\n\t<ol>\n\t\t<li><label for=''>Nome Completo <em class=\"cf7s-reqd\">*<\/em> <\/label><span class=\"wpcf7-form-control-wrap\" data-name=\"nomecompletov\"><input size=\"40\" class=\"wpcf7-form-control wpcf7-text wpcf7-validates-as-required\" aria-required=\"true\" aria-invalid=\"false\" value=\"\" type=\"text\" name=\"nomecompletov\" \/><\/span><\/li>\n\t\t<li><label for=''>N\u00ba de C\u00e9dula Profissional <\/label><span class=\"wpcf7-form-control-wrap\" data-name=\"numerocedula\"><input class=\"wpcf7-form-control wpcf7-number wpcf7-validates-as-number digits\" aria-invalid=\"false\" value=\"\" type=\"number\" name=\"numerocedula\" \/><\/span><\/li>\n\t\t<li><label for=''>Entidade\/Institui\u00e7\u00e3o onde trabalha <\/label><span class=\"wpcf7-form-control-wrap\" data-name=\"entidadeprofissional\"><input size=\"40\" class=\"wpcf7-form-control wpcf7-text\" aria-invalid=\"false\" value=\"\" type=\"text\" name=\"entidadeprofissional\" \/><\/span><\/li>\n\t\t<li><label for=''>Descri\u00e7\u00e3o da Situa\u00e7\u00e3o <em class=\"cf7s-reqd\">*<\/em> <\/label><span class=\"wpcf7-form-control-wrap\" data-name=\"descrisituacao\"><textarea cols=\"40\" rows=\"10\" class=\"wpcf7-form-control wpcf7-textarea wpcf7-validates-as-required\" aria-required=\"true\" aria-invalid=\"false\" placeholder=\"(Apresente de forma sucinta, objectiva e clara os factos que considera como motivos para apresenta\u00e7\u00e3o da sua participa\u00e7\u00e3o)\" name=\"descrisituacao\"><\/textarea><\/span><\/li>\n\t\t<li><label for=''>Fundamente os factos ou provas da situa\u00e7\u00e3o <em class=\"cf7s-reqd\">*<\/em> <\/label><span class=\"wpcf7-form-control-wrap\" data-name=\"fundamentos\"><textarea cols=\"40\" rows=\"10\" class=\"wpcf7-form-control wpcf7-textarea wpcf7-validates-as-required\" aria-required=\"true\" aria-invalid=\"false\" placeholder=\"(Descreva todos os elementos que considera \u00fateis como prova da queixa que est\u00e1 a apresentar. Pode identificar testemunhas habilitadas a depor sobre os factos)\" name=\"fundamentos\"><\/textarea><\/span><\/li>\n\t<\/ol>\n\t<p>\n\t\t* Obrigat\u00f3rio\n\t<\/p>\n<\/fieldset>\n\n<ol>\n\t<li>\n\t\t<ol>\n\t\t\t<li><label for=''>Upload de Ficheiros <\/label><span class=\"wpcf7-form-control-wrap\" data-name=\"file-433\"><input size=\"40\" class=\"wpcf7-form-control wpcf7-file\" accept=\"audio\/*,video\/*,image\/*\" aria-invalid=\"false\" type=\"file\" name=\"file-433\" \/><\/span><\/li>\n\t\t<\/ol>\n\t<\/li>\n<\/ol>\n<ol>\n\t\n<li><p style=\"font-size:1.6rem\"><strong>Regulamento Geral de Prote\u00e7\u00e3o de Dados:<\/strong> <p> Ao submeter este formul\u00e1rio declaro que tomei conhecimento que os dados pessoais constantes deste formul\u00e1rio ser\u00e3o tratados pela Ordem dos Psic\u00f3logos Portugueses (OPP), representada pelo Conselho Jurisdicional, que pode ser contactado atrav\u00e9s do endere\u00e7o de correio eletr\u00f3nico <a href = \"mailto:conselhojurisdicional@ordemdospsicologos.pt \">conselhojurisdicional@ordemdospsicologos.pt<\/a>, por carta para a morada da OPP ou pelo telefone 213400250.<p>  Fui informado(a), designadamente, que:<p> 1) A finalidade da recolha dos dados contidos neste formul\u00e1rio \u00e9 a realiza\u00e7\u00e3o da atividade assinalada. Em cada campo est\u00e1 indicada a finalidade concreta;<p> 2) Todos os dados s\u00e3o recolhidos e tratados ao abrigo da alinea b) do Artigo 6\u00ba do RGPD;<p> 3) Todos os dados s\u00e3o conservados permanentemente;<p> 4) Como titular de dados tenho o direito de solicitar o acesso aos mesmos, de requerer a sua retifica\u00e7\u00e3o e eventualmente a portabilidade, e ainda o direito de reclama\u00e7\u00e3o \u00e0 Comiss\u00e3o Nacional de Prote\u00e7\u00e3o de dados.<\/p><\/li>\n\n<\/ol>\n<input class=\"wpcf7-form-control wpcf7-submit has-spinner\" type=\"submit\" value=\"Submeter\" \/><div class=\"wpcf7-response-output\" aria-hidden=\"true\"><\/div>\n<\/form>\n<\/div>\n<\/div>\n<!-- \/wp:contact-form-7\/contact-form-selector --><\/div>\n<!-- \/wp:column --><\/div>\n<!-- \/wp:columns --><!-- wp:paragraph -->\n<p>\u00a0<\/p>\n<!-- \/wp:paragraph -->\t\t\t\t\t\t<\/div>\n\t\t\t\t<\/div>\n\t\t\t\t\t<\/div>\n\t\t<\/div>\n\t\t\t\t\t\t\t<\/div>\n\t\t<\/section>\n\t\t\t\t<section class=\"elementor-section elementor-top-section elementor-element elementor-element-ef6eed6 elementor-section-boxed elementor-section-height-default elementor-section-height-default\" data-id=\"ef6eed6\" data-element_type=\"section\">\n\t\t\t\t\t\t<div class=\"elementor-container elementor-column-gap-default\">\n\t\t\t\t\t<div class=\"elementor-column elementor-col-100 elementor-top-column elementor-element elementor-element-02d0d59\" data-id=\"02d0d59\" data-element_type=\"column\">\n\t\t\t<div class=\"elementor-widget-wrap elementor-element-populated\">\n\t\t\t\t\t\t\t\t<div class=\"elementor-element elementor-element-587ee02 elementor-widget elementor-widget-heading\" data-id=\"587ee02\" data-element_type=\"widget\" data-widget_type=\"heading.default\">\n\t\t\t\t<div class=\"elementor-widget-container\">\n\t\t\t<div class=\"elementor-heading-title elementor-size-small\">Ordem dos Psic\u00f3logos Portugueses - 2021<\/div>\t\t<\/div>\n\t\t\t\t<\/div>\n\t\t\t\t\t<\/div>\n\t\t<\/div>\n\t\t\t\t\t\t\t<\/div>\n\t\t<\/section>\n\t\t\t\t\t\t<\/div>\n\t\t\t\t\t<\/div>\n\t\t","protected":false},"excerpt":{"rendered":"<p>Formul\u00e1rio para apresenta\u00e7\u00e3o de Participa\u00e7\u00e3o ao Conselho Jurisdicional da Ordem dos Psic\u00f3logos Portugueses \u00a0 \u00a0 Ordem dos Psic\u00f3logos Portugueses &#8211; 2021<\/p>\n","protected":false},"author":1,"featured_media":0,"parent":0,"menu_order":0,"comment_status":"closed","ping_status":"closed","template":"elementor_canvas","meta":{"footnotes":""},"class_list":["post-10","page","type-page","status-publish","hentry"],"_links":{"self":[{"href":"https:\/\/ordemdospsicologos.org\/denuncia\/wp-json\/wp\/v2\/pages\/10","targetHints":{"allow":["GET"]}}],"collection":[{"href":"https:\/\/ordemdospsicologos.org\/denuncia\/wp-json\/wp\/v2\/pages"}],"about":[{"href":"https:\/\/ordemdospsicologos.org\/denuncia\/wp-json\/wp\/v2\/types\/page"}],"author":[{"embeddable":true,"href":"https:\/\/ordemdospsicologos.org\/denuncia\/wp-json\/wp\/v2\/users\/1"}],"replies":[{"embeddable":true,"href":"https:\/\/ordemdospsicologos.org\/denuncia\/wp-json\/wp\/v2\/comments?post=10"}],"version-history":[{"count":80,"href":"https:\/\/ordemdospsicologos.org\/denuncia\/wp-json\/wp\/v2\/pages\/10\/revisions"}],"predecessor-version":[{"id":121,"href":"https:\/\/ordemdospsicologos.org\/denuncia\/wp-json\/wp\/v2\/pages\/10\/revisions\/121"}],"wp:attachment":[{"href":"https:\/\/ordemdospsicologos.org\/denuncia\/wp-json\/wp\/v2\/media?parent=10"}],"curies":[{"name":"wp","href":"https:\/\/api.w.org\/{rel}","templated":true}]}}